{"id":137,"date":"2025-05-19T00:16:13","date_gmt":"2025-05-18T22:16:13","guid":{"rendered":"https:\/\/fayim.de\/fyxtest4\/?page_id=137"},"modified":"2025-05-19T02:31:42","modified_gmt":"2025-05-19T00:31:42","slug":"elia-2025","status":"publish","type":"page","link":"https:\/\/fayim.de\/fyxtest4\/musik\/singles\/elia-2025\/","title":{"rendered":"Elia (2025)"},"content":{"rendered":"\n<figure class=\"wp-block-image size-large\"><img loading=\"lazy\" decoding=\"async\" width=\"1024\" height=\"1024\" src=\"https:\/\/fayim.de\/fyxtest4\/wp-content\/uploads\/2025\/05\/Singles-2025-FAYIM-Elia-Klein-1024x1024.jpg\" alt=\"\" class=\"wp-image-131\" srcset=\"https:\/\/fayim.de\/fyxtest4\/wp-content\/uploads\/2025\/05\/Singles-2025-FAYIM-Elia-Klein-1024x1024.jpg 1024w, https:\/\/fayim.de\/fyxtest4\/wp-content\/uploads\/2025\/05\/Singles-2025-FAYIM-Elia-Klein-300x300.jpg 300w, https:\/\/fayim.de\/fyxtest4\/wp-content\/uploads\/2025\/05\/Singles-2025-FAYIM-Elia-Klein-150x150.jpg 150w, https:\/\/fayim.de\/fyxtest4\/wp-content\/uploads\/2025\/05\/Singles-2025-FAYIM-Elia-Klein-768x768.jpg 768w, https:\/\/fayim.de\/fyxtest4\/wp-content\/uploads\/2025\/05\/Singles-2025-FAYIM-Elia-Klein-1536x1536.jpg 1536w, https:\/\/fayim.de\/fyxtest4\/wp-content\/uploads\/2025\/05\/Singles-2025-FAYIM-Elia-Klein.jpg 1700w\" sizes=\"auto, (max-width: 1024px) 100vw, 1024px\" \/><figcaption class=\"wp-element-caption\">V\u00d6: 16.05.2025<\/figcaption><\/figure>\n\n\n\n<h4 class=\"wp-block-heading\">Credits<\/h4>\n\n\n\n<blockquote class=\"wp-block-quote is-layout-flow wp-block-quote-is-layout-flow\">\n<p><strong>Text:<\/strong> FAYIM<br><strong>Keys<\/strong>: K\u00e4the Johanning<br><strong>Klarinette:<\/strong> Pachakuti<br><strong>Vocals:<\/strong> FAYIM, D.$ahin, douniah, HOLAN, Lyriya, mandhla, Noah Slee, Wanja Janeva<br><br><strong>Vocal Recordings:<\/strong> Camufingo (audioberlin audiotainment GmBH) &amp; Dhanya Langer (villa51)<br><strong>Mix &amp; Mastering:<\/strong> Camufingo<br><br><strong>Foto:<\/strong> Meklit Fekadu<br><strong>Artwork:<\/strong> Mawuto Dotou<\/p>\n<\/blockquote>\n\n\n\n<div style=\"height:50px\" aria-hidden=\"true\" class=\"wp-block-spacer\"><\/div>\n\n\n\n<h4 class=\"wp-block-heading\">Musikvideo<\/h4>\n\n\n\n<figure class=\"wp-block-embed is-type-video is-provider-youtube wp-block-embed-youtube wp-embed-aspect-16-9 wp-has-aspect-ratio\"><div class=\"wp-block-embed__wrapper\">\n<iframe loading=\"lazy\" title=\"FAYIM - Elia (Offizielles Musikvideo)\" width=\"500\" height=\"281\" src=\"https:\/\/www.youtube.com\/embed\/BJC02k-NmDQ?feature=oembed\" frameborder=\"0\" allow=\"accelerometer; autoplay; clipboard-write; encrypted-media; gyroscope; picture-in-picture; web-share\" referrerpolicy=\"strict-origin-when-cross-origin\" allowfullscreen><\/iframe>\n<\/div><\/figure>\n\n\n\n<div style=\"height:50px\" aria-hidden=\"true\" class=\"wp-block-spacer\"><\/div>\n\n\n\n<h4 class=\"wp-block-heading\">Songtext<\/h4>\n\n\n\n<blockquote class=\"wp-block-quote is-layout-flow wp-block-quote-is-layout-flow\">\n<p>Die Wellen brechen vor meinen F\u00fc\u00dfen.<br>Immer noch Sand an den Fingerspitzen.<br>Und ich werd\u2018 es vermissen dich zu k\u00fcssen, selbst das Schweigen mit dir.<br>Warum k\u00f6nnen wir nicht noch ein paar Tage bleiben?<\/p>\n\n\n\n<p>Ich nehm einen letzten Zug von der Meeresluft<br>Und werfe den letzten Stein Richtung Wasser,<br>\u00dcberlass meinen Ballast dem Atlantik.<\/p>\n\n\n\n<p>Und das Mondlicht in deinem Gesicht<br>Untermalt die Ruhe in deinem Blick.<br>Du siehst mich.<\/p>\n\n\n\n<p><strong>Und die Nacht h\u00e4ngt tief \u00fcber uns,<br>F\u00e4rbt sich gegen f\u00fcnf morgenrot<br>In elf Stunden fliegen wir los<br>In unsern Alltag zur\u00fcck.<br>Ich will noch nicht zur\u00fcck.<\/strong><\/p>\n\n\n\n<p>Noch nicht zur\u00fcck (3x)<\/p>\n<\/blockquote>\n\n\n\n<div style=\"height:50px\" aria-hidden=\"true\" class=\"wp-block-spacer\"><\/div>\n\n\n\n<h4 class=\"wp-block-heading\">Weitere Videos<\/h4>\n\n\n\n<figure class=\"wp-block-embed is-type-video is-provider-youtube wp-block-embed-youtube wp-embed-aspect-16-9 wp-has-aspect-ratio\"><div class=\"wp-block-embed__wrapper\">\n<iframe loading=\"lazy\" title=\"FAYIM - Elia (Single)\" width=\"500\" height=\"281\" src=\"https:\/\/www.youtube.com\/embed\/videoseries?list=PLzJuXr9CPwrnQ8viZd4l-KVBaddxOIh4N\" frameborder=\"0\" allow=\"accelerometer; autoplay; clipboard-write; encrypted-media; gyroscope; picture-in-picture; web-share\" referrerpolicy=\"strict-origin-when-cross-origin\" allowfullscreen><\/iframe>\n<\/div><\/figure>\n","protected":false},"excerpt":{"rendered":"<p>Credits Text: FAYIMKeys: K\u00e4the JohanningKlarinette: PachakutiVocals: FAYIM, D.$ahin, douniah, HOLAN, Lyriya, mandhla, Noah Slee, Wanja Janeva Vocal Recordings: Camufingo (audioberlin audiotainment GmBH) &amp; Dhanya Langer (villa51)Mix &amp; Mastering: Camufingo Foto: Meklit FekaduArtwork: Mawuto Dotou Musikvideo Songtext Die Wellen brechen vor meinen F\u00fc\u00dfen.Immer noch Sand an den Fingerspitzen.Und ich werd\u2018 es vermissen dich zu k\u00fcssen, selbst [&hellip;]<\/p>\n","protected":false},"author":1,"featured_media":0,"parent":138,"menu_order":0,"comment_status":"closed","ping_status":"closed","template":"","meta":{"footnotes":""},"class_list":["post-137","page","type-page","status-publish","hentry"],"_links":{"self":[{"href":"https:\/\/fayim.de\/fyxtest4\/wp-json\/wp\/v2\/pages\/137","targetHints":{"allow":["GET"]}}],"collection":[{"href":"https:\/\/fayim.de\/fyxtest4\/wp-json\/wp\/v2\/pages"}],"about":[{"href":"https:\/\/fayim.de\/fyxtest4\/wp-json\/wp\/v2\/types\/page"}],"author":[{"embeddable":true,"href":"https:\/\/fayim.de\/fyxtest4\/wp-json\/wp\/v2\/users\/1"}],"replies":[{"embeddable":true,"href":"https:\/\/fayim.de\/fyxtest4\/wp-json\/wp\/v2\/comments?post=137"}],"version-history":[{"count":7,"href":"https:\/\/fayim.de\/fyxtest4\/wp-json\/wp\/v2\/pages\/137\/revisions"}],"predecessor-version":[{"id":203,"href":"https:\/\/fayim.de\/fyxtest4\/wp-json\/wp\/v2\/pages\/137\/revisions\/203"}],"up":[{"embeddable":true,"href":"https:\/\/fayim.de\/fyxtest4\/wp-json\/wp\/v2\/pages\/138"}],"wp:attachment":[{"href":"https:\/\/fayim.de\/fyxtest4\/wp-json\/wp\/v2\/media?parent=137"}],"curies":[{"name":"wp","href":"https:\/\/api.w.org\/{rel}","templated":true}]}}