{"id":9,"date":"2025-05-15T14:29:01","date_gmt":"2025-05-15T12:29:01","guid":{"rendered":"https:\/\/fayim.de\/fyxtest4\/?page_id=9"},"modified":"2025-05-19T01:31:03","modified_gmt":"2025-05-18T23:31:03","slug":"musik","status":"publish","type":"page","link":"https:\/\/fayim.de\/fyxtest4\/musik\/","title":{"rendered":"Musik"},"content":{"rendered":"\n<h3 class=\"wp-block-heading\">EPs<\/h3>\n\n\n\n<figure class=\"wp-block-gallery alignwide has-nested-images columns-default is-cropped wp-block-gallery-1 is-layout-flex wp-block-gallery-is-layout-flex\">\n<figure class=\"wp-block-image size-large is-style-default\"><a href=\"https:\/\/fayim.de\/fyxtest4\/musik\/eps\/fokus-2025\/\"><img loading=\"lazy\" decoding=\"async\" width=\"1024\" height=\"1024\" data-id=\"148\" src=\"https:\/\/fayim.de\/fyxtest4\/wp-content\/uploads\/2025\/05\/EPs-2025-FAYIM-fokus_1x1_klein-1024x1024.jpg\" alt=\"\" class=\"wp-image-148\" srcset=\"https:\/\/fayim.de\/fyxtest4\/wp-content\/uploads\/2025\/05\/EPs-2025-FAYIM-fokus_1x1_klein-1024x1024.jpg 1024w, https:\/\/fayim.de\/fyxtest4\/wp-content\/uploads\/2025\/05\/EPs-2025-FAYIM-fokus_1x1_klein-300x300.jpg 300w, https:\/\/fayim.de\/fyxtest4\/wp-content\/uploads\/2025\/05\/EPs-2025-FAYIM-fokus_1x1_klein-150x150.jpg 150w, https:\/\/fayim.de\/fyxtest4\/wp-content\/uploads\/2025\/05\/EPs-2025-FAYIM-fokus_1x1_klein-768x768.jpg 768w, https:\/\/fayim.de\/fyxtest4\/wp-content\/uploads\/2025\/05\/EPs-2025-FAYIM-fokus_1x1_klein-1536x1536.jpg 1536w, https:\/\/fayim.de\/fyxtest4\/wp-content\/uploads\/2025\/05\/EPs-2025-FAYIM-fokus_1x1_klein-2048x2048.jpg 2048w\" sizes=\"auto, (max-width: 1024px) 100vw, 1024px\" \/><\/a><figcaption class=\"wp-element-caption\">Fokus (2025)<\/figcaption><\/figure>\n\n\n\n<figure class=\"wp-block-image size-large is-style-default\"><img loading=\"lazy\" decoding=\"async\" width=\"1024\" height=\"1024\" data-id=\"196\" src=\"https:\/\/fayim.de\/fyxtest4\/wp-content\/uploads\/2025\/05\/Quadrat_Blank-1024x1024.png\" alt=\"\" class=\"wp-image-196\" srcset=\"https:\/\/fayim.de\/fyxtest4\/wp-content\/uploads\/2025\/05\/Quadrat_Blank-1024x1024.png 1024w, https:\/\/fayim.de\/fyxtest4\/wp-content\/uploads\/2025\/05\/Quadrat_Blank-300x300.png 300w, https:\/\/fayim.de\/fyxtest4\/wp-content\/uploads\/2025\/05\/Quadrat_Blank-150x150.png 150w, https:\/\/fayim.de\/fyxtest4\/wp-content\/uploads\/2025\/05\/Quadrat_Blank-768x768.png 768w, https:\/\/fayim.de\/fyxtest4\/wp-content\/uploads\/2025\/05\/Quadrat_Blank.png 1500w\" sizes=\"auto, (max-width: 1024px) 100vw, 1024px\" \/><\/figure>\n<\/figure>\n\n\n\n<div style=\"height:100px\" aria-hidden=\"true\" class=\"wp-block-spacer\"><\/div>\n\n\n\n<h3 class=\"wp-block-heading\">Singles<\/h3>\n\n\n\n<figure class=\"wp-block-gallery alignwide has-nested-images columns-default is-cropped wp-block-gallery-2 is-layout-flex wp-block-gallery-is-layout-flex\">\n<figure class=\"wp-block-image size-large is-style-default\"><a href=\"https:\/\/fayim.de\/fyxtest4\/musik\/singles\/pixel-2025\/\"><img loading=\"lazy\" decoding=\"async\" width=\"1024\" height=\"1024\" data-id=\"132\" src=\"https:\/\/fayim.de\/fyxtest4\/wp-content\/uploads\/2025\/05\/Singles-2025-FAYIM-PIXEL-1024x1024.jpg\" alt=\"Cover der Single \u201ePIXEL\u201c von FAYIM. Seitenportr\u00e4t von FAYIM mit Twists, gepflegtem Bart und gl\u00e4nzendem Lipgloss. Sein Make-up ist dezent, aber kunstvoll mit schimmernden Lidschatten-Akzenten. Der Hintergrund ist in dunklem Rot gehalten. Links oben steht in gro\u00dfen wei\u00dfen Buchstaben der Titel \u201ePIXEL\u201c, unten rechts der K\u00fcnstlername \u201eFAYIM\u201c.\" class=\"wp-image-132\" srcset=\"https:\/\/fayim.de\/fyxtest4\/wp-content\/uploads\/2025\/05\/Singles-2025-FAYIM-PIXEL-1024x1024.jpg 1024w, https:\/\/fayim.de\/fyxtest4\/wp-content\/uploads\/2025\/05\/Singles-2025-FAYIM-PIXEL-300x300.jpg 300w, https:\/\/fayim.de\/fyxtest4\/wp-content\/uploads\/2025\/05\/Singles-2025-FAYIM-PIXEL-150x150.jpg 150w, https:\/\/fayim.de\/fyxtest4\/wp-content\/uploads\/2025\/05\/Singles-2025-FAYIM-PIXEL-768x768.jpg 768w, https:\/\/fayim.de\/fyxtest4\/wp-content\/uploads\/2025\/05\/Singles-2025-FAYIM-PIXEL-1536x1536.jpg 1536w\" sizes=\"auto, (max-width: 1024px) 100vw, 1024px\" \/><\/a><figcaption class=\"wp-element-caption\">Pixel (2025)<\/figcaption><\/figure>\n\n\n\n<figure class=\"wp-block-image size-large\"><a href=\"https:\/\/fayim.de\/fyxtest4\/musik\/singles\/elia-2025\/\"><img loading=\"lazy\" decoding=\"async\" width=\"1024\" height=\"1024\" data-id=\"131\" src=\"https:\/\/fayim.de\/fyxtest4\/wp-content\/uploads\/2025\/05\/Singles-2025-FAYIM-Elia-Klein-1024x1024.jpg\" alt=\"Portr\u00e4t von FAYIM mit Twists und dunklem Bart. Er blickt direkt in die Kamera, tr\u00e4gt silbernen Ohr- und Halsschmuck sowie ein flauschiges wei\u00dfes Kleidungsst\u00fcck. Der Hintergrund ist dunkelrot, was den warmen Hautton betont. Oben rechts steht in gro\u00dfen wei\u00dfen Buchstaben der Titel \u201eELIA\u201c, unten rechts in kleinerer Schrift der K\u00fcnstlername \u201eFAYIM\u201c.\" class=\"wp-image-131\" srcset=\"https:\/\/fayim.de\/fyxtest4\/wp-content\/uploads\/2025\/05\/Singles-2025-FAYIM-Elia-Klein-1024x1024.jpg 1024w, https:\/\/fayim.de\/fyxtest4\/wp-content\/uploads\/2025\/05\/Singles-2025-FAYIM-Elia-Klein-300x300.jpg 300w, https:\/\/fayim.de\/fyxtest4\/wp-content\/uploads\/2025\/05\/Singles-2025-FAYIM-Elia-Klein-150x150.jpg 150w, https:\/\/fayim.de\/fyxtest4\/wp-content\/uploads\/2025\/05\/Singles-2025-FAYIM-Elia-Klein-768x768.jpg 768w, https:\/\/fayim.de\/fyxtest4\/wp-content\/uploads\/2025\/05\/Singles-2025-FAYIM-Elia-Klein-1536x1536.jpg 1536w, https:\/\/fayim.de\/fyxtest4\/wp-content\/uploads\/2025\/05\/Singles-2025-FAYIM-Elia-Klein.jpg 1700w\" sizes=\"auto, (max-width: 1024px) 100vw, 1024px\" \/><\/a><figcaption class=\"wp-element-caption\">Elia (2025)<\/figcaption><\/figure>\n<\/figure>\n\n\n\n<figure class=\"wp-block-gallery alignwide has-nested-images columns-default is-cropped wp-block-gallery-3 is-layout-flex wp-block-gallery-is-layout-flex\">\n<figure class=\"wp-block-image size-large is-style-default\"><a href=\"https:\/\/fayim.de\/fyxtest4\/musik\/singles\/ich-halt-dich-fest-2022\/\"><img loading=\"lazy\" decoding=\"async\" width=\"1024\" height=\"1024\" data-id=\"135\" src=\"https:\/\/fayim.de\/fyxtest4\/wp-content\/uploads\/2025\/05\/Singles-2022-Ich-halt-dich-fest-Artwork-1024x1024.jpeg\" alt=\"Cover der Single \u201eIch halt dich fest\u201c. Schwarz-wei\u00df-Fotografie von drei Personen vor einem drapierten Stoffhintergrund. In der Mitte sitzt Roger Rekless. Er tr\u00e4gt eine Brille, Kapuze und Lederjacke im Schneidersitz am Boden. Links sitzt FAYIM in einem hellen Anzug auf einem Hocker, rechts Celina Bostic, eine Person mit lockigem Haar, floral gemusterter Jacke und auff\u00e4lligem Schmuck. Unten im Bild steht der Titel \u201eICH HALT DICH FEST\u201c in gro\u00dfen, wei\u00dfen Blockbuchstaben.\" class=\"wp-image-135\" srcset=\"https:\/\/fayim.de\/fyxtest4\/wp-content\/uploads\/2025\/05\/Singles-2022-Ich-halt-dich-fest-Artwork-1024x1024.jpeg 1024w, https:\/\/fayim.de\/fyxtest4\/wp-content\/uploads\/2025\/05\/Singles-2022-Ich-halt-dich-fest-Artwork-300x300.jpeg 300w, https:\/\/fayim.de\/fyxtest4\/wp-content\/uploads\/2025\/05\/Singles-2022-Ich-halt-dich-fest-Artwork-150x150.jpeg 150w, https:\/\/fayim.de\/fyxtest4\/wp-content\/uploads\/2025\/05\/Singles-2022-Ich-halt-dich-fest-Artwork-768x768.jpeg 768w, https:\/\/fayim.de\/fyxtest4\/wp-content\/uploads\/2025\/05\/Singles-2022-Ich-halt-dich-fest-Artwork-1536x1536.jpeg 1536w, https:\/\/fayim.de\/fyxtest4\/wp-content\/uploads\/2025\/05\/Singles-2022-Ich-halt-dich-fest-Artwork-2048x2048.jpeg 2048w\" sizes=\"auto, (max-width: 1024px) 100vw, 1024px\" \/><\/a><figcaption class=\"wp-element-caption\">Ich halt dich fest (2022)<\/figcaption><\/figure>\n\n\n\n<figure class=\"wp-block-image size-large\"><a href=\"https:\/\/fayim.de\/fyxtest4\/musik\/singles\/du-fehlst-2022\/\"><img loading=\"lazy\" decoding=\"async\" width=\"1024\" height=\"1024\" data-id=\"134\" src=\"https:\/\/fayim.de\/fyxtest4\/wp-content\/uploads\/2025\/05\/Singles-2022-Du-fehlst_FAYIM_Artwork-1024x1024.jpg\" alt=\"\" class=\"wp-image-134\" srcset=\"https:\/\/fayim.de\/fyxtest4\/wp-content\/uploads\/2025\/05\/Singles-2022-Du-fehlst_FAYIM_Artwork-1024x1024.jpg 1024w, https:\/\/fayim.de\/fyxtest4\/wp-content\/uploads\/2025\/05\/Singles-2022-Du-fehlst_FAYIM_Artwork-300x300.jpg 300w, https:\/\/fayim.de\/fyxtest4\/wp-content\/uploads\/2025\/05\/Singles-2022-Du-fehlst_FAYIM_Artwork-150x150.jpg 150w, https:\/\/fayim.de\/fyxtest4\/wp-content\/uploads\/2025\/05\/Singles-2022-Du-fehlst_FAYIM_Artwork-768x768.jpg 768w, https:\/\/fayim.de\/fyxtest4\/wp-content\/uploads\/2025\/05\/Singles-2022-Du-fehlst_FAYIM_Artwork-1536x1536.jpg 1536w, https:\/\/fayim.de\/fyxtest4\/wp-content\/uploads\/2025\/05\/Singles-2022-Du-fehlst_FAYIM_Artwork-2048x2048.jpg 2048w\" sizes=\"auto, (max-width: 1024px) 100vw, 1024px\" \/><\/a><figcaption class=\"wp-element-caption\">Du fehlst (2022)<\/figcaption><\/figure>\n<\/figure>\n\n\n\n<p><\/p>\n","protected":false},"excerpt":{"rendered":"<p>EPs Singles<\/p>\n","protected":false},"author":1,"featured_media":0,"parent":0,"menu_order":0,"comment_status":"closed","ping_status":"closed","template":"","meta":{"footnotes":""},"class_list":["post-9","page","type-page","status-publish","hentry"],"_links":{"self":[{"href":"https:\/\/fayim.de\/fyxtest4\/wp-json\/wp\/v2\/pages\/9","targetHints":{"allow":["GET"]}}],"collection":[{"href":"https:\/\/fayim.de\/fyxtest4\/wp-json\/wp\/v2\/pages"}],"about":[{"href":"https:\/\/fayim.de\/fyxtest4\/wp-json\/wp\/v2\/types\/page"}],"author":[{"embeddable":true,"href":"https:\/\/fayim.de\/fyxtest4\/wp-json\/wp\/v2\/users\/1"}],"replies":[{"embeddable":true,"href":"https:\/\/fayim.de\/fyxtest4\/wp-json\/wp\/v2\/comments?post=9"}],"version-history":[{"count":13,"href":"https:\/\/fayim.de\/fyxtest4\/wp-json\/wp\/v2\/pages\/9\/revisions"}],"predecessor-version":[{"id":197,"href":"https:\/\/fayim.de\/fyxtest4\/wp-json\/wp\/v2\/pages\/9\/revisions\/197"}],"wp:attachment":[{"href":"https:\/\/fayim.de\/fyxtest4\/wp-json\/wp\/v2\/media?parent=9"}],"curies":[{"name":"wp","href":"https:\/\/api.w.org\/{rel}","templated":true}]}}